{"id":2510,"date":"2020-07-03T11:02:30","date_gmt":"2020-07-03T09:02:30","guid":{"rendered":"http:\/\/zfbweb.zfb.fuw.edu.pl\/?page_id=2510"},"modified":"2026-01-15T16:34:42","modified_gmt":"2026-01-15T15:34:42","slug":"laboratorium-radiobiologiczne","status":"publish","type":"page","link":"https:\/\/zfbweb.zfb.fuw.edu.pl\/index.php\/laboratorium-radiobiologiczne\/","title":{"rendered":"Laboratorium radiobiologiczne"},"content":{"rendered":"<div class=\"wpb-content-wrapper\"><p>[vc_row 0=&#8221;&#8221;][vc_column][vc_column_text 0=&#8221;&#8221;]<\/p>\r\n\r\n<div class=\"wp-block-image\">\r\n<figure class=\"aligncenter size-large is-resized\"><img loading=\"lazy\" decoding=\"async\" class=\"wp-image-2522\" src=\"https:\/\/zfbweb.zfb.fuw.edu.pl\/wp-content\/uploads\/2020\/07\/image.jpeg\" alt=\"\" width=\"480\" height=\"270\" \/><\/figure>\r\n<\/div>\r\n\r\n<p>[\/vc_column_text][\/vc_column][\/vc_row][vc_row css_animation=&#8221;fadeIn&#8221;][vc_column 0=&#8221;&#8221;]<div class=\"fancy_heading fancy_heading_line\"><div class=\"fh-top\"><\/div><h2 class=\"title\">Laboratorium radiobiologiczne<\/h2><\/div>\n[vc_column_text 0=&#8221;&#8221;]Laboratorium Radiobiologiczne dzia\u0142a od stycznia 2020 i znajduje si\u0119 w Zak\u0142adzie Fizyki Biomedycznej (na czwartym pi\u0119trze). Podstawowe wyposa\u017cenie laboratorium by\u0142o mo\u017cliwe dzi\u0119ki dofinansowaniu ze \u015brodk\u00f3w uniwersyteckich w ramach Funduszu Innowacji Dydaktycznych.\u00a0<\/p>\r\n<p>Kierownik laboratorium:<\/p>\r\n<hr \/>\r\n<ul>\r\n<li><strong><a href=\"https:\/\/zfbweb.zfb.fuw.edu.pl\/index.php\/people\/beata-brzozowska\">dr hab. Beata Brzozowska<\/a> (p. 4.67)<\/strong><\/li>\r\n<\/ul>\r\n<p>Zast\u0119pcy kierownika:<\/p>\r\n<hr \/>\r\n<ul>\r\n<li><strong><a href=\"https:\/\/zfbweb.zfb.fuw.edu.pl\/index.php\/people\/adrianna-tartas\/\">dr Adrianna Tartas<\/a>\u00a0(p. 4.58)<\/strong><\/li>\r\n<li><strong><a href=\"https:\/\/zfbweb.zfb.fuw.edu.pl\/index.php\/people\/beata-pszczolkowska\">dr Beata Pszcz\u00f3\u0142kowska-K\u0119pa<\/a><\/strong><strong> (p. 4.58)<\/strong><\/li>\r\n<\/ul>\r\n<p>Materia\u0142y dydaktyczne dla student\u00f3w I i II stopnia Fizyki medycznej dotycz\u0105ce realizacji \u0107wicze\u0144 w ramach pracowni specjalistycznej mo\u017cna znale\u017a\u0107 w kolejnych zak\u0142adkach.<\/p>\r\n<p>[\/vc_column_text]<div class=\"promo_box no_border\"><div class=\"promo_box_wrapper promo_box_left\"><div class=\"photo_wrapper\"><img loading=\"lazy\" decoding=\"async\" class=\"scale-with-grid\" src=\"https:\/\/zfbweb.zfb.fuw.edu.pl\/wp-content\/uploads\/2020\/07\/kolonie.png\" alt=\"kolonie\" width=\"964\" height=\"404\"\/><\/div><div class=\"desc_wrapper\"><div class=\"desc\"><\/p>\r\n<h1>Prze\u017cywalno\u015b\u0107 kom\u00f3rkowa<\/h1>\r\n<h6><a href=\"https:\/\/zfbweb.zfb.fuw.edu.pl\/wp-content\/uploads\/2020\/12\/ins345trukcja-laboratorium-radiobiologiczne.pdf\"><b>Instrukcja dot. hodowli i napromieniania kom\u00f3rek<\/b><\/a><\/h6>\r\n<p>Promieniowanie jonizuj\u0105ce oddzia\u0142uje na materia\u0142 biologiczny powoduj\u0105c m.in. brak mo\u017cliwo\u015bci proliferacji, co skutkuje brakiem mo\u017cliwo\u015bci stworzenia kolonii. Frakcje prze\u017cywalno\u015bci kom\u00f3rek, kt\u00f3re zosta\u0142y poddane dzia\u0142aniu promieniowania jonizuj\u0105cego mo\u017cna okre\u015bli\u0107 na podstawie liczby kolonii obserwowanych na szalkach Petriego.<\/p>\r\n<p>Odpowied\u017a kom\u00f3rkowa badana jest w funkcji dawki, kt\u00f3ra zosta\u0142a zaabsorbowana w pojedynczej warstwie kom\u00f3rek. W obliczeniach uwzgl\u0119dnia si\u0119 wydajno\u015b\u0107 klonowania z wykorzystaniem kontroli (kom\u00f3rki, kt\u00f3re nie zosta\u0142y napromienione).<\/p>\r\n<p><\/div><\/div><\/div><\/div>\n<div class=\"infobox\" ><h3>Przyk\u0142adowe prace badawcze:<\/h3><div class=\"infobox_wrapper\"><span class=\"ib-desc\"><\/p>\r\n<ul>\r\n<li>Badanie prze\u017cywalno\u015bci nowotworowych kom\u00f3rek gruczo\u0142u krokowego poddanych dzia\u0142aniu promieniowania alfa <a href=\"https:\/\/apd.uw.edu.pl\/diplomas\/191951\/\"><b>(praca magisterska Marty Senkowskiej)<\/b><\/a><\/li>\r\n<li>Badanie wp\u0142ywu mocy dawki na prze\u017cywalno\u015b\u0107 kom\u00f3rek gruczo\u0142u krokowego poddanych dzia\u0142aniu promieniowania jonizuj\u0105cego <a href=\"https:\/\/zfbweb.zfb.fuw.edu.pl\/wp-content\/uploads\/2020\/08\/ZPSII-letni-2020.pdf\"><b>(raport Zespo\u0142owego Projektu Studenckiego)<\/b><\/a><\/li>\r\n<\/ul>\r\n<p><\/span><\/div><\/div>\n<div class=\"promo_box no_border\"><div class=\"promo_box_wrapper promo_box_left\"><div class=\"photo_wrapper\"><img loading=\"lazy\" decoding=\"async\" class=\"scale-with-grid\" src=\"https:\/\/zfbweb.zfb.fuw.edu.pl\/wp-content\/uploads\/2020\/07\/dicentryk.png\" alt=\"dicentryk\" width=\"946\" height=\"736\"\/><\/div><div class=\"desc_wrapper\"><div class=\"desc\"><\/p>\r\n<h1>Aberracje chromosomowe<\/h1>\r\n<h6><a href=\"https:\/\/zfbweb.zfb.fuw.edu.pl\/wp-content\/uploads\/2020\/09\/aberracje-chromowomowe1.pdf\"><b>Instrukcja dot. wykonania testu dicentrycznego<\/b><\/a><\/h6>\r\n<p>Promieniowanie jonizuj\u0105ce powoduje zmiany morfologiczne w chromosomach napromienianych kom\u00f3rek. S\u0105 one widoczne pod mikroskopem w postaci m.in dicentryk\u00f3w, czyli chromosom\u00f3w z dwoma centromerami.<\/p>\r\n<p>&nbsp;<\/p>\r\n<p><\/div><\/div><\/div><\/div>\n<div class=\"infobox\" ><h3>Przyk\u0142adowe prace badawcze:<\/h3><div class=\"infobox_wrapper\"><span class=\"ib-desc\"><\/p>\r\n<ul>\r\n<li>Zastosowanie g\u0142\u0119bokich konwolucyjnych sieci neuronowych (CNN) do klasyfikacji dicentryk\u00f3w (praca licencjacka Maksymiliana G\u0142owackiego)<\/li>\r\n<li>Modelowanie metodami Monte Carlo aberracji chromosomowych w kom\u00f3rkach poddanych dzia\u0142aniu promieniowania mieszanego <a href=\"https:\/\/apd.uw.edu.pl\/diplomas\/172160\/\"><b>(praca magisterska Adrianny Tartas)<\/b><\/a><\/li>\r\n<\/ul>\r\n<p><\/span><\/div><\/div>\n<div class=\"promo_box no_border\"><div class=\"promo_box_wrapper promo_box_left\"><div class=\"photo_wrapper\"><img loading=\"lazy\" decoding=\"async\" class=\"scale-with-grid\" src=\"https:\/\/zfbweb.zfb.fuw.edu.pl\/wp-content\/uploads\/2020\/07\/ognisko.png\" alt=\"ognisko\" width=\"288\" height=\"334\"\/><\/div><div class=\"desc_wrapper\"><div class=\"desc\"><\/p>\r\n<h1>Ogniska naprawcze<\/h1>\r\n<h6><a href=\"https:\/\/zfbweb.zfb.fuw.edu.pl\/index.php\/people\/jaros\/\"><b>Instrukcja dot. badania ognisk naprawczych<\/b><\/a><\/h6>\r\n<p><span style=\"font-weight: 400;\">To be updated.\u00a0<\/span><\/p>\r\n<p><\/div><\/div><\/div><\/div>\n[vc_column_text 0=&#8221;&#8221;]<\/p>\r\n<p>Obecnie realizowane projekty w ramach wsp\u00f3\u0142pracy z Warszawskim Uniwersytetem Medycznym:<\/p>\r\n<hr \/>\r\n<ul>\r\n<li>Radioembolizacja<strong><strong>\u00a0<span style=\"font-size: inherit; color: #222222; font-weight: 400;\">gruczo\u0142u krokowego za pomoc\u0105 mikrosfer u pacjent\u00f3w z rakiem stercza oraz ocena jej skuteczno\u015bci na 3D BIOdrukowanym modelu gruczo\u0142u krokowego<\/span><a href=\"https:\/\/zfbweb.zfb.fuw.edu.pl\/index.php\/people\/beata-brzozowska\"><br \/><\/a><\/strong><\/strong><\/li>\r\n<li><strong><a href=\"https:\/\/zfbweb.zfb.fuw.edu.pl\/index.php\/portfolio-item\/exosome-studies\/\">Badanie wp\u0142ywu egzosom\u00f3w na proces nowotworzenia i powstawania przerzut\u00f3w<\/a><\/strong><\/li>\r\n<\/ul>\r\n<p>[\/vc_column_text][\/vc_column][\/vc_row]<\/p><\/div>","protected":false},"excerpt":{"rendered":"<p>[vc_row 0=&#8221;&#8221;][vc_column][vc_column_text 0=&#8221;&#8221;] [\/vc_column_text][\/vc_column][\/vc_row][vc_row css_animation=&#8221;fadeIn&#8221;][vc_column 0=&#8221;&#8221;][vc_column_text 0=&#8221;&#8221;]Laboratorium Radiobiologiczne dzia\u0142a od stycznia 2020 i znajduje si\u0119 w Zak\u0142adzie Fizyki Biomedycznej (na czwartym pi\u0119trze). Podstawowe wyposa\u017cenie laboratorium by\u0142o mo\u017cliwe dzi\u0119ki dofinansowaniu ze \u015brodk\u00f3w uniwersyteckich w ramach Funduszu Innowacji Dydaktycznych.\u00a0 Kierownik laboratorium: dr<span class=\"excerpt-hellip\"> [\u2026]<\/span><\/p>\n","protected":false},"author":3,"featured_media":0,"parent":0,"menu_order":0,"comment_status":"closed","ping_status":"closed","template":"","meta":{"om_disable_all_campaigns":false,"_monsterinsights_skip_tracking":false,"_monsterinsights_sitenote_active":false,"_monsterinsights_sitenote_note":"","_monsterinsights_sitenote_category":0,"footnotes":""},"categories":[],"tags":[],"class_list":["post-2510","page","type-page","status-publish","hentry"],"aioseo_notices":[],"_links":{"self":[{"href":"https:\/\/zfbweb.zfb.fuw.edu.pl\/index.php\/wp-json\/wp\/v2\/pages\/2510","targetHints":{"allow":["GET"]}}],"collection":[{"href":"https:\/\/zfbweb.zfb.fuw.edu.pl\/index.php\/wp-json\/wp\/v2\/pages"}],"about":[{"href":"https:\/\/zfbweb.zfb.fuw.edu.pl\/index.php\/wp-json\/wp\/v2\/types\/page"}],"author":[{"embeddable":true,"href":"https:\/\/zfbweb.zfb.fuw.edu.pl\/index.php\/wp-json\/wp\/v2\/users\/3"}],"replies":[{"embeddable":true,"href":"https:\/\/zfbweb.zfb.fuw.edu.pl\/index.php\/wp-json\/wp\/v2\/comments?post=2510"}],"version-history":[{"count":49,"href":"https:\/\/zfbweb.zfb.fuw.edu.pl\/index.php\/wp-json\/wp\/v2\/pages\/2510\/revisions"}],"predecessor-version":[{"id":3268,"href":"https:\/\/zfbweb.zfb.fuw.edu.pl\/index.php\/wp-json\/wp\/v2\/pages\/2510\/revisions\/3268"}],"wp:attachment":[{"href":"https:\/\/zfbweb.zfb.fuw.edu.pl\/index.php\/wp-json\/wp\/v2\/media?parent=2510"}],"wp:term":[{"taxonomy":"category","embeddable":true,"href":"https:\/\/zfbweb.zfb.fuw.edu.pl\/index.php\/wp-json\/wp\/v2\/categories?post=2510"},{"taxonomy":"post_tag","embeddable":true,"href":"https:\/\/zfbweb.zfb.fuw.edu.pl\/index.php\/wp-json\/wp\/v2\/tags?post=2510"}],"curies":[{"name":"wp","href":"https:\/\/api.w.org\/{rel}","templated":true}]}}