{"id":3222,"date":"2025-12-17T13:45:39","date_gmt":"2025-12-17T12:45:39","guid":{"rendered":"https:\/\/zfbweb.zfb.fuw.edu.pl\/?page_id=3222"},"modified":"2025-12-17T13:47:59","modified_gmt":"2025-12-17T12:47:59","slug":"ekonofizyka","status":"publish","type":"page","link":"https:\/\/zfbweb.zfb.fuw.edu.pl\/index.php\/ekonofizyka\/","title":{"rendered":"Ekonofizyka"},"content":{"rendered":"<div class=\"wpb-content-wrapper\"><p>[vc_row css_animation=&#8221;fadeIn&#8221;][vc_column]<div class=\"promo_box no_border\"><div class=\"promo_box_wrapper promo_box_left\"><div class=\"photo_wrapper\"><img loading=\"lazy\" decoding=\"async\" class=\"scale-with-grid\" src=\"https:\/\/zfbweb.zfb.fuw.edu.pl\/wp-content\/uploads\/2017\/07\/projekt.png\" alt=\"projekt\" width=\"800\" height=\"800\"\/><\/div><div class=\"desc_wrapper\"><div class=\"desc\"><\/p>\n<h1>Ekonofizyka<\/h1>\n<h6>Opiekun specjalno\u015bci: <a href=\"https:\/\/zfbweb.zfb.fuw.edu.pl\/index.php\/people\/tomasz_gubiec\/\"><b>dr T. Gubiec<\/b><\/a><\/h6>\n<p>Od ponad dwudziestu lat metody fizyki s\u0105 stosowane do analizy zjawisk i proces\u00f3w ekonomicznych, a od ponad dekady tego typu aktywno\u015b\u0107 ma charakter instytucjonalny i nosi nazw\u0119 Ekonofizyki. Termin ten wszed\u0142 do oficjalnego obiegu w po\u0142owie lat dziewi\u0119\u0107dziesi\u0105tych kiedy czasopismo Physica A otworzy\u0142o na swoich \u0142amach nowy dzia\u0142 pod t\u0105 w\u0142a\u015bnie nazw\u0105. Obecnie Ekonofizyka znajduje si\u0119 w Physics and Astronomy Classification Scheme (PACS) w sekcji Interdisciplinary Physics.<\/p>\n<p>Ekonofizyka jest m\u0142od\u0105 dziedzin\u0105 nauki charakteryzuj\u0105c\u0105 si\u0119 stosowaniem teorii, modeli, a przede wszystkim podej\u015bcia wypracowanego w ramach fizyki, a zw\u0142aszcza fizyki statystycznej i fizyki materii skondensowanej, do opisu zjawisk ekonomicznych zar\u00f3wno w mikro- jak i makroskali. Za pocz\u0105tek Ekonofizyki uwa\u017ca si\u0119 pojawienie 1991 roku publikacji L\u00e9vy walks and enhanced diffusion in Milan Stock-Exchange autorstwa Rosario N. Mantegny. Jednak\u017ce zainteresowanie problematyk\u0105 ekonomiczn\u0105 w\u015br\u00f3d fizyk\u00f3w jest zagadnieniem dobrze ugruntowanym w historii. Daniel Bernoulli, Miko\u0142aj Kopernik czy Jan Tinbergen, kt\u00f3ry zdoby\u0142 pierwsz\u0105 w historii nagrod\u0119 nobla z ekonomii, to tylko kilka znamienitych przyk\u0142ad\u00f3w.<\/p>\n<p>Od kilkunastu lat obserwuje si\u0119 wyra\u017anie wzrastaj\u0105ce zaanga\u017cowanie fizyk\u00f3w w badania nad zjawiskami ekonomicznymi i socjologicznymi, przejawiaj\u0105ce si\u0119 w lawinowo narastaj\u0105cej liczbie publikacji. Celem specjalno\u015bci Ekonofizyka jest stworzenie studentom fizyki mo\u017cliwo\u015bci studiowania metod, modeli i teorii opracowanych w ramach fizyki, ale wykorzystywanych do analizy zjawisk i proces\u00f3w ekonomicznych oraz socjologicznych. Pragniemy podkre\u015bli\u0107, \u017ce studenci studiuj\u0105cy na specjalno\u015bci Ekonofizyka otrzymuj\u0105 z jednej strony wiedz\u0119 umo\u017cliwiaj\u0105c\u0105 prowadzenie bada\u0144 naukowych, z drugiej za\u015b strony wyposa\u017cani s\u0105 w umiejetno\u015b\u0107 jej stosowania w codziennej praktyce zawodowej.<\/div><\/div><\/div><\/div>\n<div class=\"infobox\" ><h3>Absolwenta Ekonofizyki powinna charakteryzowa\u0107:<\/h3><div class=\"infobox_wrapper\"><span class=\"ib-desc\"><\/p>\n<ul>\n<li>Otwarto\u015b\u0107 na r\u00f3\u017cnorodne wymagania i potrzeby merytoryczne instytucji finansowych (banki, gie\u0142da, etc.), ubezpieczeniowych (aktuarialnych), zajmuj\u0105cych si\u0119 doradztwem ekonomicznym, prowadz\u0105cych analizy i badania statystyczne<\/li>\n<li>Ch\u0119\u0107 dokszta\u0142cania si\u0119 w r\u00f3\u017cnych, zwi\u0105zanych z tym dziedzinach<\/li>\n<li>Umiej\u0119tno\u015b\u0107 dostrzegania zar\u00f3wno zjawisk jak i proces\u00f3w fizycznych lub ekonomicznych<\/li>\n<li>Umiej\u0119tno\u015b\u0107 pozyskiwania i opracowywania danych empirycznych, zw\u0142aszcza du\u017cych rekord\u00f3w danych<\/li>\n<li>Umiej\u0119tno\u015b\u0107 analizy i interpretacji danych (zar\u00f3wno empirycznych jak te\u017c pochodz\u0105cych z symulacji komputerowych)<\/li>\n<li>Umiej\u0119tno\u015b\u0107 modelowania numerycznego i komputerowego, w tym zw\u0142aszcza umiej\u0119tno\u015b\u0107 projektowania i prowadzenia symulacji komputerowych oraz por\u00f3wnywania uzyskanych wynik\u00f3w z danymi empirycznymi<\/li>\n<li>Umiej\u0119tno\u015b\u0107 wizualizacji danych empirycznych oraz wynik\u00f3w analizy<\/li>\n<li>Znajomo\u015b\u0107 metod prognozowania i umiej\u0119tno\u015b\u0107 ich praktycznego wykorzystywania<\/li>\n<li>Umiej\u0119tno\u015b\u0107 pracy w zespo\u0142ach interdyscyplinarnych (np. sk\u0142adaj\u0105cych si\u0119 z ekonomist\u00f3w, socjolog\u00f3w, psycholog\u00f3w, matematyk\u00f3w finansowych i fizyk\u00f3w).<\/li>\n<\/ul>\n<p><\/span><\/div><\/div>\n<div class=\"story_box \"><div class=\"desc_wrapper\"><\/div><div class=\"desc\"><\/p>\n<h5><b>Przyk\u0142adowe kierunki badawcze:<\/b><\/h5>\n<ul>\n<li>Bayesowska analiza hipotez statystycznych<\/li>\n<li>Zastosowanie twierdze\u0144 granicznych statystyki matematycznej w analizie danych finansowych<\/li>\n<li>Ryzyko systemowe rynku mi\u0119dzybankowego<\/li>\n<li>Dynamika stochastyczna: r\u00f3wnania stochastyczne, r\u00f3wnania dyfuzji i transportu<\/li>\n<li>Procesy stochastyczne: gaussowskie i niegaussowskie<\/li>\n<li>Teoria macierzy przypadkowych<\/li>\n<li>Modele agentowe rynk\u00f3w finansowych i zachowa\u0144 spo\u0142ecznych<\/li>\n<li>Sieci adaptacyjne, koewoluuj\u0105ce, temporalne i wielopoziomowe<\/li>\n<li>Teorie ryzyka i zdarzenia ekstremalne<\/li>\n<li>Dynamika pochodnych instrument\u00f3w finansowych<\/li>\n<li>Analiza portfelowa<\/li>\n<li>Mechanika statystyczna sieci losowych<\/li>\n<\/ul>\n<p><\/div><\/div>\n<div class=\"infobox\" ><h3>Przyk\u0142adowe kierunki badawcze:<\/h3><div class=\"infobox_wrapper\"><span class=\"ib-desc\"><\/p>\n<ul>\n<li>Zastosowanie g\u0142\u0119bokich konwolucyjnych sieci neuronowych (CNN) do klasyfikacji obraz\u00f3w medycznych<\/li>\n<li>Modelowanie Monte Carlo odpowiedzi kom\u00f3rki na uszkodzenia DNA pod wp\u0142ywem wi\u0105zek mieszanych<\/li>\n<li>Kontrola jako\u015bci radiofarmaceutyk\u00f3w (<a href=\"https:\/\/zfbweb.zfb.fuw.edu.pl\/wp-content\/uploads\/2021\/10\/ZPS_radiofarmaceutyki.pdf\">ZPS<\/a>)<\/li>\n<\/ul>\n<p><\/span><\/div><\/div>\n[\/vc_column][\/vc_row]<\/p>\n<\/div>","protected":false},"excerpt":{"rendered":"<p>[vc_row css_animation=&#8221;fadeIn&#8221;][vc_column][\/vc_column][\/vc_row]<\/p>\n","protected":false},"author":15,"featured_media":0,"parent":0,"menu_order":0,"comment_status":"closed","ping_status":"closed","template":"","meta":{"om_disable_all_campaigns":false,"_monsterinsights_skip_tracking":false,"_monsterinsights_sitenote_active":false,"_monsterinsights_sitenote_note":"","_monsterinsights_sitenote_category":0,"footnotes":""},"categories":[],"tags":[],"class_list":["post-3222","page","type-page","status-publish","hentry"],"aioseo_notices":[],"_links":{"self":[{"href":"https:\/\/zfbweb.zfb.fuw.edu.pl\/index.php\/wp-json\/wp\/v2\/pages\/3222","targetHints":{"allow":["GET"]}}],"collection":[{"href":"https:\/\/zfbweb.zfb.fuw.edu.pl\/index.php\/wp-json\/wp\/v2\/pages"}],"about":[{"href":"https:\/\/zfbweb.zfb.fuw.edu.pl\/index.php\/wp-json\/wp\/v2\/types\/page"}],"author":[{"embeddable":true,"href":"https:\/\/zfbweb.zfb.fuw.edu.pl\/index.php\/wp-json\/wp\/v2\/users\/15"}],"replies":[{"embeddable":true,"href":"https:\/\/zfbweb.zfb.fuw.edu.pl\/index.php\/wp-json\/wp\/v2\/comments?post=3222"}],"version-history":[{"count":3,"href":"https:\/\/zfbweb.zfb.fuw.edu.pl\/index.php\/wp-json\/wp\/v2\/pages\/3222\/revisions"}],"predecessor-version":[{"id":3232,"href":"https:\/\/zfbweb.zfb.fuw.edu.pl\/index.php\/wp-json\/wp\/v2\/pages\/3222\/revisions\/3232"}],"wp:attachment":[{"href":"https:\/\/zfbweb.zfb.fuw.edu.pl\/index.php\/wp-json\/wp\/v2\/media?parent=3222"}],"wp:term":[{"taxonomy":"category","embeddable":true,"href":"https:\/\/zfbweb.zfb.fuw.edu.pl\/index.php\/wp-json\/wp\/v2\/categories?post=3222"},{"taxonomy":"post_tag","embeddable":true,"href":"https:\/\/zfbweb.zfb.fuw.edu.pl\/index.php\/wp-json\/wp\/v2\/tags?post=3222"}],"curies":[{"name":"wp","href":"https:\/\/api.w.org\/{rel}","templated":true}]}}